*3 + 0 + 2*a. Determine v(-6).
3
Suppose 0 = w - 0*w - i - 4, -5*i = 0. Let u(j) = j**3 - 2*j**2 + 8*j**2 - j**2 - w. Calculate u(-4).
12
Let t(q) = 12*q**2. Suppose -s = 5*c + 53, c + 3*c + 5*s = -34. Let f = c - -10. Determine t(f).
12
Suppose -8 = -2*r - 4. Suppose -i = 3 - r. Let w(s) be the third derivative of s**5/60 - s**4/12 - s**3/6 + s**2. Determine w(i).
2
Let l(n) = n**3 - 7*n**2 + 7*n - 7. Let u be l(6). Let m(q) be the first derivative of -2*q**3/3 - q**2 - q + 12. Determine m(u).
-1
Suppose -3*t + 3*r = 0, -4*t + 7*r - 2*r = -2. Let z(s) be the third derivative of s**5/20 + s**4/6 + s**3/3 + s**2. Determine z(t).
6
Let c(q) = 5*q + 0*q + q**2 - 2*q - 122 + 125. Calculate c(-4).
7
Let c be 2/(-13) - (-378)/(-78). Let n(i) = 0*i**3 - 3*i - 7 - 2*i**3 - 5*i**2 + i**3. Calculate n(c).
8
Let c(d) be the third derivative of -d**4/8 + 5*d**3/6 - 13*d**2. What is c(5)?
-10
Let a(g) be the first derivative of g**2/2 + 12*g + 1. Give a(-5).
7
Let j(k) = -2*k**2 + 3*k. Let c be 47/4 + 1/4. Suppose -x = x - c. Suppose -4*p + x = -p. What is j(p)?
-2
Let u(c) be the second derivative of -c**3/6 + 3*c**2 - 46*c. Calculate u(6).
0
Let o(s) = -4*s - 3. Let d(u) = u - 1. Let z(p) = -5*d(p) - o(p). Determine z(7).
1
Let q(h) = 2*h - 3. Let o = -52 - -54. Determine q(o).
1
Suppose 3 = 2*s + 9. Let j(n) = n**3 + 4*n**2 + 2*n - 2. Let f be j(s). Suppose 0 = -r - 3 - f. Let p(t) = -t**2 - 3*t - 2. What is p(r)?
-6
Let b(p) be the first derivative of -p**4/12 - 5*p**3/6 + p**2/2 + 3. Let w(t) be the second derivative of b(t). Calculate w(-5).
5
Let t(b) = b**2 + 6*b + 1. Let v be ((-14)/(-10) - 1)*-5. Let i = -2 - v. Suppose -5*g + 3 - 28 = i. Give t(g).
-4
Let d(q) = 3*q**2 + 3*q + 1. Let u be (-2)/((-2)/4*1). Suppose 0 = -2*y - 2*k - 12, -y + 7 = u*k + 25. Determine d(y).
7
Let t(n) = 5*n + 2*n - 1 - n**2 - 2*n + 0*n. What is t(2)?
5
Let h(m) = -m**2 - 3*m + 2. Let k be h(0). Let u(t) = -2*t**3 + 3*t**2 - t + 2. Give u(k).
-4
Suppose 3*f - 1 = 8. Suppose 6 = -4*s + 2, -3*x + 6 = 3*s. Let n(d) = 5*d + x - 2*d - 7. Give n(f).
5
Let l(x) = -2*x**3 + 3*x**2 - 2*x - 1. Let k(w) = 3*w**3 - 3*w**2 + 3*w + 1. Let b(p) = -3*k(p) - 4*l(p). Give b(-2).
-1
Let u(f) = f**3 - 4*f**2 - 5. Let c(h) = h**2 - h - 2. Let q be c(-2). Let d be u(q). Let r = d + 3. Let p(y) = -y**2 - 2*y - 3. Calculate p(r).
-3
Suppose 8 - 13 = -5*f. Let v(x) be the first derivative of x - f - 1/3*x**3 + 2*x**2. Give v(2).
5
Let p(x) = -2 + 6*x**2 + 1 - 8*x + 7*x + 0*x**2. Give p(2).
21
Let b(y) = -y**2 - 5*y + 7. Suppose 3*s = -2*s + 50. Let a be s*3/12*-2. Determine b(a).
7
Let i(d) = -17 - 5*d - 15 + d**2 + 29. What is i(4)?
-7
Let n(y) = 3*y + 8. Let w(o) = 8*o + 25. Let q(b) = -11*n(b) + 4*w(b). Let k(f) = -2*f + 19. Let d be k(7). What is q(d)?
7
Suppose -3*k = 59 + 31. Let z be k/4*8/12. Let r(o) = -o**2 - 4*o. Calculate r(z).
-5
Let l(j) = 5*j**2 - 11*j**2 + 4*j**2 - j. Suppose 2*y - 4*y - 4*d = 8, 2*d = -3*y - 8. Determine l(y).
-6
Let v(n) = 2*n - 6. Let b be v(4). Let p(g) = -g**3 - 3*g**b + g - 3 + 2 - 2*g**2 - 5*g. What is p(-3)?
-7
Let y = 10 - 4. Let s be 2 - 3/(y/4). Let h(q) = -q - 2*q**2 - 2 + s*q**2 - 2*q**2 + 5*q**2. Give h(2).
0
Let a(n) = -n**3 - 4*n**2 - 4*n - 2. Let r(h) = 6*h + 5 - 4*h + 0. Let t be r(-4). Calculate a(t).
1
Let k(z) = 2*z**2 - 3*z. Suppose -5*i = -7*i + 10. Suppose -4*g + i*g - 2 = 0. What is k(g)?
2
Let h(o) = 3*o + 1. Let k be (-8)/(-52) + 54/(-13). Calculate h(k).
-11
Let a be 2 + 4 - (10 + -8). Let j(w) = 0 - 1 + a*w - w + w**2. Give j(-4).
3
Let c(b) be the third derivative of -b**4/24 - 2*b**3/3 - b**2. Calculate c(6).
-10
Suppose 0 = -2*v - o - 15, -5*v - 26 = -2*v - 2*o. Let w(t) = -t**3 - 7*t**2 + 7*t - 2. Calculate w(v).
6
Let m(z) be the second derivative of -z**6/180 + z**4/24 - 2*z**3/3 - 2*z. Let j(f) be the second derivative of m(f). Give j(-1).
-1
Let a(w) be the third derivative of -w**5/60 + w**4/12 + w**3/6 - 50*w**2. What is a(0)?
1
Suppose 3*a = 3*r + 2*r + 16, 2*a + 3*r + 2 = 0. Let k be (-4 - -2)*(-5)/a. Let f(b) = 2*b**2 - b**3 + 6*b - 2*b**2 + 4*b**2 + 1. Calculate f(k).
6
Let g be 28/5 + 8/20. Let s(n) = n - 4 - n**3 + 0 + 5 + g*n**3. Calculate s(-1).
-5
Let p(s) = s**2 - s. Let b(y) = -3*y - 4. Let x(i) = b(i) + 3*p(i). Let u(d) = 8*d**2 - 18*d - 11. Let f(j) = -4*u(j) + 11*x(j). Calculate f(-6).
0
Suppose -z + 35 = 4*z. Let k = z + -10. Let m(y) be the third derivative of y**4/12 + y**3/3 + y**2. Give m(k).
-4
Let g(k) = -k + 9. Let b(l) = -l + 7. Let h be b(-10). Suppose 5*p = 13 + h. Calculate g(p).
3
Let d(p) = -2*p**2 - 5*p - 10. Suppose 35 = -5*n - 0. Let y(x) = -x**2 - 2*x - 5. Let v(g) = n*y(g) + 4*d(g). Give v(-5).
0
Let l(x) = 1 - 7 + 1 + 2*x - 2. Determine l(6).
5
Suppose 4 = -3*k + 10. Let o(p) = -p**3 + 2*p**2 - 2*p + 2. Let b be o(k). Let g(t) = t**2 + 2. What is g(b)?
6
Let k(x) = -x**3 + 127*x + 1 + 5 + 10*x**2 - 51*x - 66*x. What is k(11)?
-5
Let t(f) = 3*f**3 - 5*f**2 - f + 6*f**2 + 2*f + f**3. Suppose -c + 4*c + 2 = k, -5*c - 10 = 5*k. Let o be (1*c)/(-1 - -2). Calculate t(o).
-4
Let t(a) = a + 1. Let p be t(-2). Let b(f) = -f**2 + 14*f - 7. Let x(g) = -g. Let z(n) = p*b(n) - 6*x(n). Calculate z(6).
-5
Let t(i) = -i**3 - 3*i**2 + i - 3. Suppose -y + 5*z + 1 + 1 = 0, 4*y = 4*z - 8. What is t(y)?
-6
Let t(g) = -g**3 + g - 4. Suppose -5*r = -4*r + 3. Determine t(r).
20
Let v be (-1 - -27)*(0 - -1). Suppose 3*g - s + v = -6*s, -8 = 2*g + s. Let u(f) = -3*f**2 - f - 1. Give u(g).
-11
Let q(z) = -z**3 - 5*z**2 + 4. Let b be -2 + 1 + -2 + -10. Let c = 9 + b. Give q(c).
-12
Let a(p) = -p**3 - p**2 + p. Let c(u) = 7*u**3 + 2*u**2 - 3*u + 2. Let n(v) = -6*a(v) - c(v). Let k be -2*2/4*-3. What is n(k)?
-2
Let v(f) = 0*f**2 + 0 - f - f**2 + 5 - 3*f. Let t(l) = l - 1. Let b(n) = 9*t(n) + 2*v(n). What is b(-1)?
-2
Let o(k) = 3*k + 4. Let m be (8/10)/((-10)/25). Let a(n) = n**2 + 4*n + 1. Let c be a(m). Calculate o(c).
-5
Suppose -2*s - 2*g - 12 = 2, 3*g = -3. Let z(l) = -l**3 - 7*l**2 - 6*l - 8. What is z(s)?
-8
Let b(i) = 44*i. Let q(k) = -4*k. Let f(h) = -3*b(h) - 32*q(h). Determine f(-1).
4
Let f(s) = -2*s**2 + 1. Let v = 1 + 2. Suppose -1 = v*k - 7. Calculate f(k).
-7
Let t(v) = 2*v**2 - 2*v - 4. Let k(p) = -2*p**2 + p + 3. Let j(o) = 6*k(o) + 5*t(o). What is j(-4)?
-18
Let t(h) be the second derivative of 2*h**5/5 - h**4/12 + 2*h. Suppose 4 - 2 = 2*d. Give t(d).
7
Let g(v) = 10*v**3 - v + 1. Suppose 5*u - 30 = -5*c, 6*c - 9*c = -4*u - 11. What is g(u)?
10
Suppose 5*z + 5 = -15, -25 = 3*d + z. Let n(w) = w**2 + 6*w + 1. What is n(d)?
8
Suppose -3*h = -2*h - 7. Let r(i) = h + 2*i + 4*i - 2*i - 5*i. What is r(4)?
3
Let t(l) = -l**3 - l**2 + l + 1. Let s = 0 - 1. Determine t(s).
0
Let h(r) = -r**3 + r**2 + r + 1. Suppose 7*o + 4*o = 15*o. What is h(o)?
1
Let c(j) = -j**2 - 6*j - 4. Let o(q) be the third derivative of 5*q**4/24 + q**3/6 + 4*q**2. Let h be o(-1). Calculate c(h).
4
Suppose 4*s = -0*s + 8. Let q be (-25)/15 + s/(-6). Let w(c) be the third derivative of -c**6/120 - c**5/30 + c**4/24 + 3*c**2. Give w(q).
-2
Let f = 3 + -15. Let g be 10/35 + f/(-7). Suppose 4*z + 21 = -w - 0*w, g*w + 30 = -5*z. Let c(o) = o**2 + 4*o - 6. Calculate c(w).
-1
Suppose 2*l - l - 3*i + 10 = 0, 17 = -2*l + 5*i. Let c(s) = 22*s**3 - 3*s + 8. Let j(p) = 7*p**3 - p + 3. Let a(z) = 3*c(z) - 8*j(z). Determine a(l).
-9
Let v(s) = -2 + 3 - 122*s + 118*s. Give v(5).
-19
Let u(s) = s**2 + s. Let o(z) = 4*z**2 + 4*z - 1. Let j(i) = o(i) - 3*u(i). Suppose 0*d - 2 = -2*d. Determine j(d).
1
Let f(y) = -y**3 + 9*y**2 - 8*y + 5. Let h be f(8). Suppose h*s + 18 = 8*s. Let z(u) = -u**3 + 6*u**2 - 7. What is z(s)?
-7
Let v(j) be the third derivative of j**5/60 - j**4/24 - 2*j**3/3 - 3*j**2. What is v(3)?
2
Let u(i) be the first derivative of -i**5/60 - i**4/4 + i**2/2 - 1. Let p(b) be the second derivative of u(b). Determine p(-5).
5
Let x(q) = -q - 4*q - q**2 - 3 - 4*q - 7. Calculate x(-7).
4
Let d(m) = -9 - 2*m + 4 + 0*m + 3*m. Let q be -14 + 2/(1*-2). Let i be (-54)/q - 2/(-5). Determine d(i).
-1
Let w(h) be the third derivative of h**5/60 - h**4/3 + h**3/6 - 14*h**2. Calculate w(6).
-11
Let b(w) be the second derivative of 2/3*w**3 - 1/2*w**2 + 3*w + 0. Let j(h) = h**3 + 2*h**2 - 2*h - 2. Let k be j(-2). Calculate b(k).
7
Let v(t) = -2*